f j?
1
Suppose 5*f = 2*t - 0*t + 1200, f + 3*t - 240 = 0. What is the hundreds digit of f?
2
What is the units digit of 0 + (-165)/(-6) + 5/(-10)?
7
Let o(d) = 12*d + 1. Let i be o(1). Suppose 2*n - i = 3. What is the units digit of n?
8
Let m = 110 - 81. What is the tens digit of m?
2
Suppose -430 - 422 = -4*a. What is the units digit of a?
3
Suppose 3 + 1 = 2*k. Suppose 2*r + k*r + 22 = v, v - r = 7. Suppose 0 = 2*t - v - 2. What is the units digit of t?
2
Let d(x) = -x**2 - 6*x - 3. What is the units digit of d(-5)?
2
Let j be (4/(-3))/(3/(-9)). Suppose 3*d = -0*h + h - 4, j*d = 4*h - 16. What is the units digit of (d - -2) + (5 - -1)?
8
Let j(u) = -19*u - 3. What is the units digit of j(-4)?
3
Let c(p) = -p**2 + p + 80. What is the tens digit of c(0)?
8
Let a be (-42)/(-9) + (-2)/3. Suppose -8 = -4*z - 0, a*x - 5*z = 46. Let l = x + -5. What is the units digit of l?
9
Suppose v = 2, 4*v - 132 = 5*a - 444. Let m = a + -33. What is the tens digit of m?
3
Suppose d + 19 = -5*j - 0*j, -2*d - 4*j = 8. Suppose d*c = 5*c + 21. What is the units digit of c?
1
Let j = -73 + 104. What is the tens digit of j?
3
Suppose 5*d - 5*y = 107 + 328, y - 77 = -d. What is the units digit of d?
2
Let u(n) = n**2 - 4*n. What is the units digit of u(5)?
5
Let n be 0/(2 - (-2 - -5)). Suppose p = 2, 2*y - p + n*p = -6. What is the units digit of 23/5 + y/(-5)?
5
Suppose -11*k = -8*k - 12. Let l(t) = -t**2 + 7*t - 7. Let y be l(5). Let w = y + k. What is the units digit of w?
7
Let n = 16 + -4. What is the units digit of 93/5 + n/(-20)?
8
Let m(i) = -i - 5. Let l be m(-5). Suppose 5*d - 31 - 4 = l. Suppose 5*v + d - 25 = -3*z, 0 = -3*z - 3*v + 18. What is the units digit of z?
6
Let g be -1 - (1*-4 - 2). Suppose -2*v + 10 = -g*n, 4*n = -3*v + 5*n + 2. Suppose v = -3*c - 4 + 7. What is the units digit of c?
1
Let a(o) = 7*o + 1. Let j be a(1). Suppose 7*q - j = 3*q. What is the units digit of q?
2
Suppose 0 = -4*l - 2 - 26. What is the tens digit of 2/l - 1184/(-28)?
4
Suppose -58 = -4*v + 10. Suppose -1 = k - v. Suppose -3*y + k = -8. What is the units digit of y?
8
Let d(b) be the second derivative of b**3 - 3*b**2/2 + 2*b. Let p(n) = 3*n - 1. Let k(x) = -2*d(x) + 5*p(x). What is the units digit of k(6)?
9
Suppose -3*y = 1 + 17. What is the tens digit of (y/6)/((-2)/82)?
4
Let d be 3 - (-1 + 0 + -1). Suppose -2*j + 4*j + d*x = 28, j = -4*x + 14. What is the tens digit of j?
1
Suppose 5*k + 668 = 3*n, -n + 220 = -2*k + 3*k. What is the hundreds digit of n?
2
Suppose 4*v + 332 = 8*v. What is the units digit of v?
3
Suppose -3*c - 2*c = -210. Let b = -5 + c. What is the units digit of b?
7
Let o(g) = 10*g**2 - 1. Let f be (6/(-9))/(2/(-3)). Let l be o(f). What is the units digit of 6/(-4)*(-60)/l?
0
Let h = -4 - -11. Let i(c) = -3*c - 6 - 2*c + c**2 + 2. What is the tens digit of i(h)?
1
Let t be 60/(-24)*4/(-5). Suppose u = t + 25. What is the units digit of u?
7
Let j = -13 - -16. Suppose -4*t + 155 = -3*w, 4*t = 3*t - j*w + 35. What is the tens digit of t?
3
Let q = -25 + 39. Suppose 0 = 2*w + 2 - q. What is the units digit of w?
6
Let c = -4 + 19. Let d be 4/8*14 - 3. Suppose d*z = z + c. What is the units digit of z?
5
Let a(g) = 15*g - 10. What is the units digit of a(3)?
5
Suppose 7*q - 204 = q. Let y = 76 - q. What is the tens digit of y?
4
What is the tens digit of (3 + 2)*(440/25 - 4)?
6
Suppose 0*i - 39 = i. Let u = 59 + i. What is the tens digit of u?
2
Let f = 2 - 2. Suppose 1 + 8 = 3*b. Suppose f = w - 2*s - b, 0 = s - 0*s. What is the units digit of w?
3
Suppose 3*w = -5*t + 39, 3*w - 26 = w - t. Let g(l) = l**2 - 12*l - 6. Let d be g(13). Let z = w - d. What is the units digit of z?
6
Let i(g) be the second derivative of -g**5/20 - g**4 - 5*g**3/2 - 7*g**2 - 4*g. What is the units digit of i(-11)?
0
Suppose 2*t - 3*i = 5*t - 33, 0 = t + 3*i - 13. Suppose p + t = 25. Suppose -p = -2*c - 5. What is the units digit of c?
5
Let r(i) = 2*i + 0*i**2 + i**2 + 3 - 4*i**2. Let j(v) = -v**2 + v + 1. Let s(w) = -7*j(w) + 2*r(w). What is the units digit of s(5)?
9
Suppose 3*v - 5 = 10. What is the units digit of v?
5
Let l(z) = z**2 - 7*z + 10. Let r be l(5). Suppose -s + 0 + 2 = 0. Suppose -u + 2*u - 2*f = 11, -s*u + 2*f + 22 = r. What is the tens digit of u?
1
Let z(k) = -4*k**3 + k. Let q be z(-1). Suppose j - 31 = -v, -4 = 4*j + q*v - 125. What is the units digit of j?
8
Let a(x) = -x**2 + 13*x + 8. Let k be a(11). Suppose 4*b = w - k, 5*w + 4*b - 26 = 4. Suppose 3*c + w = 5*c. What is the units digit of c?
5
Let u = -38 - -61. What is the units digit of u?
3
Suppose 12 = m - 18. What is the tens digit of m?
3
Suppose -4*u - 5*r = -184, -u + 3*r = -2*u + 39. What is the units digit of u?
1
Let o be -1 - (-1 - 1)/(-2). What is the tens digit of (25 - 6/o)/1?
2
Suppose 3*f - 153 = -f - d, -4*d = -3*f + 129. What is the tens digit of f?
3
Let g = 25 - -27. Suppose 2*w - 4*w + g = 0. Suppose 3*k = -3*i + 30, 5*k - 12 - w = -3*i. What is the units digit of i?
6
Let m be 6/9 - (-39)/9. Suppose -2*c - m*b = c - 24, 4*b = 4*c. Suppose -7*t = -c*t - 40. What is the units digit of t?
0
Let s be -3*(1 + -1 + -4). Suppose 0*p = 5*b + 2*p - 20, 3*b - 3*p = s. Suppose q = -b*q + 40. What is the units digit of q?
8
Let i = 5 - 2. Suppose y = 2*m - 9 + 30, 3*m + 33 = i*y. What is the units digit of 2/(-5) + (-104)/m?
0
Suppose 896 = 5*a + m - 0*m, -552 = -3*a + 3*m. What is the hundreds digit of a?
1
Suppose -8*w - 1 - 47 = 0. Suppose -h = 3*b + 2, 7*h = 2*h - 5*b + 20. Let l = w + h. What is the units digit of l?
1
Let y = 2 - -2. Let b = 1 - 2. Let m = b + y. What is the units digit of m?
3
Let h = -27 + 44. Let k be h/(-3) - 2/(-3). What is the units digit of 2/((k/(-4))/5)?
8
Let n be (-1)/(-2)*8/2. Suppose n*l - 8 = 2. Suppose o - 5 = l. What is the units digit of o?
0
Suppose -3*v + 102 = m, 3*v + m - 102 = 5*m. What is the tens digit of v?
3
Let a(h) = h + 2. Suppose 0 = -4*t - 0*t - 16. Let w be a(t). What is the units digit of (2*1)/(w/(-3))?
3
Let o be (2/3)/((-1)/(-3)). What is the tens digit of o*(-1)/2*-29?
2
Suppose 0 = 5*a + 3*u + 34, -a + 0*u = -2*u - 1. Let p = 8 - -3. Let i = p + a. What is the units digit of i?
6
Let k(d) = d**3 - 6*d**2 + 6*d - 2. Let v be k(5). Let u = v + 6. What is the units digit of u?
9
Let i(j) = j**2 - 2*j - 4. Let h be i(4). Let c = h + 9. Suppose -3*m - d = -2, 0 = 4*m - 5*d - 15 - c. What is the units digit of m?
2
Let n = -14 + 96. What is the units digit of n?
2
Let x(n) = n**2 - n. Let d(m) = -5*m**2 + 9*m - 1. Let f(i) = d(i) + 6*x(i). What is the units digit of f(-4)?
3
Let l be (5/(-3))/((-1)/9). Suppose 4*g - l = -g. Suppose 0 = -s + 3*h + g, 3*s + 5*h + 17 = 54. What is the units digit of s?
9
Let g(p) be the third derivative of -5*p**4/24 + 3*p**2. What is the tens digit of g(-7)?
3
Let k = 68 - 24. Suppose 5*j - 2*f = -k + 171, -24 = -j - f. Suppose -j - 31 = -3*b + 4*c, 4*b - c - 53 = 0. What is the tens digit of b?
1
Suppose -2 - 1 = -y. Suppose 3 = s - 2*i, -y*s + i = -4*s. What is the units digit of s?
1
Let p be ((-4)/(-6))/(2/9). Suppose -3*x + 2*x - 25 = -4*h, 4*x = -p*h - 5. Suppose 8 = q + 3*j - 1, 3*q = -h*j + 23. What is the units digit of q?
6
Let n(h) = h + 4. Let x(t) = t + 4. Let k(g) = 3*n(g) - 4*x(g). Let a be (-8)/(-2) + -8 - 1. What is the units digit of k(a)?
1
What is the tens digit of -1*2*(-19 + -2)?
4
What is the tens digit of (-145)/(-4) + 3/(-12)?
3
Suppose -28 = 4*q + 44. Let m = q - -25. What is the units digit of m?
7
Suppose 2*r = 4*o - 8*o + 20, 4 = -4*r + 3*o. Let t = r - -3. Suppose 0 = g - t, -3 = b + 3*g - 6*g. What is the units digit of b?
2
Let u be (-24)/(-16) - (-2)/(-4). What is the units digit of (3/(-9))/(u/(-21))?
7
Let v be 6/4 + (-3)/(-2). Suppose -3*y = 9, 4*s + v*y - 262 = 9. Suppose -x - x = 5*d - s, 0 = -4*d + 3*x + 33. What is the tens digit of d?
1
Let x(l) = 30*l**2 - 2*l - 2. What is the tens digit of x(-1)?
3
Let t(q) = 3*q**3 - 7*q**2 - 3*q + 13. Let x(m) = -m**3 - 2*m + 9 + 5*m**3 - 2*m**3 - 5*m**2. Let r(v) = 5*t(v) - 7*x(v). What is the units digit of r(2)?
8
Suppose -463 = -5*t - 2*s, 89 = 6*t - 5*t + 4*s. What is the tens digit of t?
9
Suppose 0*l = 2*l. Let m(k) = k + 6. What is the units digit of m(l)?
6
Suppose -4*f = 12, -2*v = 3*v + 5*f. Let y = 6 - v